er when f is divided by x?
7
Let t = 10 - 5. Suppose -t*h + h = -v - 49, -12 = -4*v. Calculate the remainder when h is divided by 7.
6
Let n(u) = 5*u - 5. Suppose 2*q + 8 = -4*s - 16, 3*s + 4*q + 23 = 0. What is the remainder when s/(5/2) - -46 is divided by n(4)?
14
Let y = -12 + 6. Let i = 12 + y. What is the remainder when 16 is divided by i?
4
Let h be (-3)/6 + (-170)/(-4). Let y = 9 - 6. Suppose 12 = 3*r, -r = y*v + 2*r - h. Calculate the remainder when v is divided by 4.
2
Let n(f) = -f**2 - 11*f - 2. Suppose -53 = 5*m - 4*b, -b = 3*m - 5*b + 35. Let q be n(m). Let w = 35 - q. What is the remainder when w is divided by 7?
5
Let a = -25 - -41. Let p(v) = -14*v + 4. Let d be p(-3). Suppose -3*k = 3, 5*q + 3 = -2*k + d. Calculate the remainder when a is divided by q.
7
Let u = -10 - -14. Suppose 6 + u = 5*y. What is the remainder when 8 is divided by y?
0
Suppose 3*a + 4*y = 7, 19 + 5 = -4*a + 3*y. Let j = 10 + a. Calculate the remainder when 20 is divided by j.
6
Let u(s) = 2*s + 12. What is the remainder when 63 is divided by u(5)?
19
Let y(h) = -h**3 + 6*h**2 + 8*h - 5. Let w be y(7). Let u be w/4 - (-133)/2. Let i = u + -30. Calculate the remainder when i is divided by 13.
11
Let b(n) = -30*n**3 + 2*n**2 + n. Let v(p) = -p**3 - 5*p**2 - 3*p + 1. What is the remainder when b(-1) is divided by v(-5)?
15
Let l(g) = -g**3 - 8*g**2 + 9*g + 5. Let u be l(-9). Suppose -u*q + 80 = 3*y, -4*q + 55 = 4*y - 17. What is the remainder when q is divided by 5?
3
Suppose t = 2*t + 3*b - 22, -28 = -t - 5*b. Suppose -t = -2*g + 9. What is the remainder when 43 is divided by g?
10
Calculate the remainder when 107 is divided by 5*4/50 + (-174)/(-15).
11
Let w be (-102)/(-4)*(-2)/3. Let m = 6 - w. What is the remainder when m is divided by 12?
11
Suppose 6*f = 250 + 200. What is the remainder when f is divided by 11?
9
Let p = -32 + 46. Calculate the remainder when 41 is divided by p.
13
Suppose 2 = 3*h - 2*k, -4*k - 35 = -5*h - 7*k. Suppose -4*w + 4 + h = 0. Let t = 9 - w. What is the remainder when 19 is divided by t?
5
Let w be 0 + 1 - (6 + -3). Let y = w + 9. Suppose 0 = -3*d - 2*d + 20. What is the remainder when y is divided by d?
3
Suppose -h + 5 = 3*k - 4, 4*k + 1 = 3*h. Calculate the remainder when 19 is divided by h.
1
Let w be (290/15)/(2/15). Let b = w - 103. Let x = b - 22. What is the remainder when x is divided by 7?
6
Let y = -78 + 123. Let m be (128/6)/4*3. Suppose -3*t + 2*t + m = 0. Calculate the remainder when y is divided by t.
13
Let g(l) = -3 - l**2 + 9*l - 3 + l**2 + l**2. Calculate the remainder when g(-10) is divided by 2.
0
Suppose 0 = -4*x - 3*g + 176, -5*x - g + 295 - 75 = 0. Calculate the remainder when x is divided by 15.
14
Let a(r) = -6*r - 5. Let h be 5*4/10 - 8. Calculate the remainder when 60 is divided by a(h).
29
Let u(v) = v**3 + 4*v**2 + 4*v + 2. Let a be u(-3). Suppose d + 2 = 3*d. Calculate the remainder when 42 is divided by -1*22/(a/d).
20
Let h(r) = r**2 - 15. What is the remainder when h(-11) is divided by 22?
18
Let y be 18/(-12) + 458/4. Let b = 197 - y. Suppose -b = t - 3*t. What is the remainder when t is divided by 11?
9
Let f = 96 + -22. Suppose f = 4*s - 2*s. Calculate the remainder when s is divided by 8.
5
Let i(u) = -3*u**3 - 2*u**2 - u + 2. Let v(o) = o**2 - 10*o + 2. Let g be v(11). Suppose 4*b - 15 = g. What is the remainder when i(-2) is divided by b?
6
What is the remainder when 76 is divided by 26*(-1)/(1 - 2)?
24
Let x(v) = v**3 + 7*v**2 - 13*v - 12. What is the remainder when 111 is divided by x(-8)?
27
Suppose 0 = 4*z + 11*z - 45. Calculate the remainder when 49 is divided by z.
1
Suppose 9 = -4*s + s, -3*p = -4*s - 174. What is the remainder when p is divided by (1/2)/((-2)/(-56))?
12
Let s(f) = -2*f**3 - f. Let g be (5 - 1)/12*-3. What is the remainder when 11 is divided by s(g)?
2
Suppose -4*m + 6 = -u - 5, u = -3*m + 17. Suppose -b - m = -5*p - 12, -128 = -5*b + 3*p. What is the remainder when b is divided by (4*-1)/((-4)/10)?
8
Calculate the remainder when (86/7 - 2) + (-2)/7 is divided by 10.
0
Let t = 6 + -3. Suppose d - 2*n = 15 + 2, 5*n + 55 = t*d. Calculate the remainder when d is divided by 9.
7
Let b(k) = 2*k + 4. Let d be b(-3). Let f(l) = -39*l + 1. What is the remainder when f(d) is divided by 20?
19
Let o(w) = w**2 - 5*w - 4. Let v be o(6). Suppose 0 = v*h - 28. What is the remainder when 40 is divided by h?
12
Suppose y + 32 = 5*y. Calculate the remainder when 43 is divided by y.
3
Suppose -5*w = -8*h + 3*h - 45, -2*w = 2*h - 14. What is the remainder when 22 is divided by w?
6
Suppose 2*n + 6 = 18. Calculate the remainder when 7 - 2/(6/(-9)) is divided by n.
4
Let n = -31 + 33. What is the remainder when 7 is divided by n?
1
Let l = 8 - 1. What is the remainder when l is divided by 3?
1
Let n(g) = 85*g + 2. Let h be n(3). Let y = h - 182. Suppose 4*p = -4*q + 108, -3*p + 5*q + y = 2*q. What is the remainder when p is divided by 14?
12
Let v(a) = a**3 + 4*a**2 - 3*a - 3. Let f = 11 + -7. What is the remainder when v(-4) is divided by f?
1
Let m = -5 + 24. What is the remainder when (74/6)/(2/6) is divided by m?
18
Let x(q) = -6*q - 17. What is the remainder when 20 is divided by x(-4)?
6
Let v(x) = -4*x - 4 + x**2 - 2 + 7. Calculate the remainder when ((-2)/(-4))/((-1)/(-2)) is divided by v(4).
0
Suppose 0 = -2*n - 2*u + 66, 120 = 3*n - 5*u + 29. Calculate the remainder when n is divided by 17.
15
Let o be ((-60)/(-14))/(3/(-21)). Let i = o + 42. Calculate the remainder when 22 is divided by i.
10
Let k(m) = -2*m**3 - 5*m**2 - 6*m. Let v be k(-3). Calculate the remainder when ((-18)/v)/(4/(-342)) is divided by 12.
9
Let i(r) = r. Let v be i(-2). Let h = -15 - -39. What is the remainder when h is divided by v/(3*6/(-117))?
11
What is the remainder when 255/3 - ((10 - 5) + -7) is divided by 15?
12
Let u(w) = -7*w. Calculate the remainder when 19 is divided by u(-1).
5
Let r be -3*((-8)/(-6) + -3). Suppose -3*a = 2*t + 7 - 1, r*t - 3*a = 27. Calculate the remainder when 8 is divided by t.
2
Let f(y) = -8 - 4 - 2*y + 5. Calculate the remainder when f(-6) is divided by ((-1)/2)/(2/(-8)).
1
Let j(u) = 3*u - 24. Calculate the remainder when j(10) is divided by 5.
1
Suppose 0*w + w = 2. Suppose -c = w*c - 51. What is the remainder when 65 is divided by c?
14
Suppose -8*h = -5*h - 108. Calculate the remainder when h is divided by 13.
10
Suppose 2*l - 20 = 3*l + 4*r, -r - 4 = 0. Let u = 11 + l. What is the remainder when 52 is divided by 124/u + 2/7?
16
Let h = 22 - 7. Suppose -17 = -2*n + w, 0 = 2*n - 6*n + 5*w + 37. What is the remainder when h is divided by n?
7
Let u = 124 + -61. Suppose 4*n - u = -n - 3*q, 4*q + 16 = 0. Calculate the remainder when n is divided by 8.
7
Suppose 0 = -3*o + 4*m + 39, -4*o = -9*o - 3*m + 94. Calculate the remainder when ((-7)/(-3))/(2/42) is divided by o.
15
Let l be (10/(-6))/((-3)/27). Suppose n + 2*n + 5*z = 40, 0 = 5*n - 2*z - l. Calculate the remainder when 14 is divided by n.
4
Suppose n = 4*t + 25, -4*n + 5*t + 19 + 103 = 0. Calculate the remainder when n is divided by 17.
16
Let j(d) = 5*d**2 - 6*d. Let n(k) = -k**2 - k + 1. Let h(m) = -j(m) - 4*n(m). Let q be 2/(-4)*(-6 - 6). Calculate the remainder when 38 is divided by h(q).
18
Let a(c) = c**3 + 2*c**2 + 2*c - 3. Let p be (-6)/3 - (-12)/3. Calculate the remainder when a(p) is divided by 9.
8
Let d(h) = h**2 - 19*h + 50. Calculate the remainder when 7 is divided by d(16).
1
Let d be (2/6)/((-6)/(-54)). Suppose d*t = 5 + 55. Let o = 10 - -1. What is the remainder when t is divided by o?
9
Calculate the remainder when 99 is divided by (-767)/(-26) + 1/(-2).
12
Let i(n) = 3*n + 1. Let g be i(1). Suppose g*c - 121 = -17. What is the remainder when 102 is divided by c?
24
Let w be 3*(172/(-3))/(-4). Let l = 70 - w. What is the remainder when l is divided by 15?
12
Let n(q) = 2*q**2 - q. Suppose -3 = f + 5. Let k = 27 + f. Calculate the remainder when k is divided by n(-2).
9
Let o = 2 + -2. Let q = 0 - o. Suppose -2*b + 19 = 3*m - q*b, 20 = 2*m + 5*b. What is the remainder when 14 is divided by m?
4
Suppose -4*a = -89 - 511. Suppose 0 = -5*q + a - 55. Let c = q - 5. What is the remainder when c is divided by 8?
6
Let z = -82 + 100. Calculate the remainder when z is divided by 6.
0
Suppose 0 = 